(0 + (-4 - 0))).
1
Calculate 21 - 29 - (-9 - (3 - -5)).
9
-7 - (24 - 18 - 1)
-12
-14 - ((-36 - -34) + 17 + -4)
-25
What is 2 + -6 + -7 + (19 - 3) + 8?
13
What is the value of -63 + 72 + (-2 - 10 - 1)?
-4
-2 + -10 - ((17 - -12) + -19)
-22
Evaluate -2 - 1 - 4 - (-25 + 3 + 13).
2
Evaluate (463 - 490) + (15 - 1).
-13
Evaluate -1 - (-19 + 34 + 4).
-20
Calculate -3 + (1 - -5) - (10 - 8 - 15).
16
(-12 - (7 + -15)) + (-6 - -12)
2
Evaluate 64 - 33 - (53 + 7).
-29
What is the value of 15 + (9 + (2 - 2) - (-192 - -199))?
17
Calculate -1 - 12 - (-335 - -305).
17
24 - (-4 + 22 + 5)
1
Calculate -10 + (10 - 5 - (7 - (-2 + 3))).
-11
What is the value of -4 - (7 - (-7 - -12) - 1 - -2)?
-7
What is the value of 42 - (38 + (-19 - -20))?
3
-4 + (-34 + -1 - -3) + (-7 - -12)
-31
6 + -6 + (10 - (9 + -11))
12
What is the value of (39 + 1 - 49) + 0 + -5?
-14
Calculate -7 - (-1 + -7 + 18 + -21 + -7).
11
Evaluate -1 + 7 + (-3 - -12) + -14.
1
Calculate 0 + 4 + -6 + 8 + -8 - 9.
-11
Calculate 43 + -59 - -30 - (3 + 34).
-23
What is the value of -25 + -5 + 16 - 11?
-25
Evaluate -2 + 17 + -4 + -4 + -1 + 2.
8
What is (-32 - (-9 - 11)) + 1?
-11
What is (-3 - -11) + -16 + 21?
13
-1 + -8 - -29 - 7
13
What is (1 - (-5 + 0)) + 2 + -5?
3
7 + -55 + 47 + 1 + -10
-10
Calculate -6 + (-19 - ((-9 - -11) + (-6 - 2))).
-19
Calculate 1 - 5 - (-347 + 343).
0
What is the value of 17 - (6 + (-36 - -59))?
-12
What is 13 + 6 + -8 - 5?
6
Calculate 1 - 0 - (-1 + (1 + -5 - 0)).
6
What is 7 - (-10 + (20 + -18 - (-8 + 1)))?
8
Calculate -35 - (22 - 29) - (-13 + -1).
-14
-1 + -15 + (8 - (-4 + 3 - -4))
-11
Evaluate 6 + (-1 - -1) - 17.
-11
What is (37 - 2 - (-16 - -26)) + -10?
15
Calculate -14 + (-12 - -25 - -10).
9
(-10 - -26 - 5) + -4 + (-32 - 11)
-36
What is (20 + -3 - 16) + (-1 - (0 - 4))?
4
What is the value of -1 + 8 + -369 + 370?
8
What is 10 + 11 + -19 - (10 + 1)?
-9
9 + 0 + 3 + (7 - 16) - 4
-1
Evaluate 3 + 0 + -1 + (-64 - -154) + -107.
-15
What is 0 + 0 - (2 + -11)?
9
Calculate 3 - ((1 - 2 - -3) + 2).
-1
Evaluate 12 - (0 + 8 + 8).
-4
Evaluate -9 + -6 + (5 - (-5 + -6 + 7)).
-6
Evaluate 7 - (23 - 17 - (-6 - 1)).
-6
What is 12 + -14 + (15 - 21)?
-8
What is the value of 27 + -53 + 16 + -7?
-17
Calculate -12 - (7 - (1 - (-9 - -7))).
-16
What is -3 + 17 + -15 + 5?
4
Evaluate -106 + 84 - (11 - 44).
11
What is 1 + -3 + -17 + 19?
0
What is the value of -1 + 1 + 19 + -4 + -1 - 7?
7
What is 6 + (-3 - 13) + 11 + -3 + -1?
-3
What is the value of (-4 - (-2 - -9 - (12 + -4))) + -8?
-11
What is (-11 - -1) + 0 + -1 + -1?
-12
22 - 0 - (37 + -8 + -14)
7
4 + (12 - 18) + -1
-3
11 + (1 - (0 - -3)) + (-303 - -297)
3
What is the value of -15 - -4 - (-14 - -7) - -2?
-2
Calculate -3 + (2 + -3 - (-1 + -8 + 6)).
-1
What is the value of 5 - (-4 - -6) - (4 + -13)?
12
Evaluate -55 + -1 + 11 + 6 + 0.
-39
0 + (-7 - 3) + 7 - 13
-16
Calculate (-18 - -10) + 2 - -14.
8
Evaluate (-7 - 1) + (27 - 3).
16
What is -56 + 29 + 18 - (0 - 34)?
25
Evaluate (4 - (1 + -2)) + -19.
-14
Calculate -29 + (-61 - -45 - (-15 - -8)).
-38
Calculate -2 - (-1 + -3 - (-1 + 3 - 2)).
2
What is the value of 30 - (-15 + 30) - 20?
-5
Evaluate -132 + 166 + 15 + -52.
-3
Evaluate (54 - 76) + (-7 + 4 - -10).
-15
Evaluate (-3 - (2 + 3)) + -44 + 63.
11
Evaluate 7 + (-4 - (16 + -7)) + 17.
11
4 - 13 - ((15 - 5) + -22)
3
0 + -16 - ((-3 - -13) + -34 + 31)
-23
Calculate 3 - 3 - (1 - -2).
-3
What is 0 + 2 + 0 + 9 + 11 + -20?
2
Evaluate -38 - -32 - (-2 - -1 - 13).
8
What is the value of 11 + -1 + (-7 + 2 - -25) + -4?
26
-24 + (-1 - -46) + -19
2
What is the value of 106 + -117 + (-7 - -1) - -28?
11
Calculate 3 + (-3 - -4) + (34 - 29).
9
22 - (15 + -12 - -20)
-1
Calculate (1 - 1) + -25 + (-138 - -147) + 2.
-14
(-19 - 31 - -34) + 1 + 2 + 0
-13
Evaluate 10 + (-8 - 0 - (60 - 56)).
-2
Calculate 29 - 55 - -19 - (7 + -1).
-13
Calculate (-21 - (0 + -10)) + (1 - -3) + 16.
9
What is the value of -57 - 3 - -26 - -30?
-4
What is (1 - 4) + (-86 - -96) - -3?
10
(1 - 1) + (-14 - (10 + -2) - -6)
-16
3 + -2 - (-134 - -126) - (19 - 3)
-7
Calculate -18 + 0 + (12 - -51) + -45.
0
Evaluate (6 - 2) + -2 - (56 + 1 + -24).
-31
Evaluate (3 + -9 - (2 - 7)) + -6 - 0.
-7
Calculate (-5 + -2 - -18) + -1 + 2.
12
Evaluate -2 + -18 + (-13 + 50 - 28).
-11
2 + 0 + (-16 - -8)
-6
Calculate 8 + (11 - (10 - -7)) + -11 + -6.
-15
What is 61 - (16 + -14 - -24)?
35
26 - (24 - (-17 + 15))
0
What is -15 - (13 + -35 + 7)?
0
Evaluate -14 - -4 - (16 + -38 + -24).
36
What is the value of (8 + -9 - 5) + (3 - 5)?
-8
Calculate 10 + (-4 - -2) + -34 + (-61 - -79).
-8
What is 8 + 3 + -28 + 6 + -13?
-24
What is the value of -6 + 12 + (17 - 25)?
-2
(-12 + 7 - -1 - 3) + (0 - -17)
10
Calculate 44 + -36 + -1 + 3 - 0.
10
What is 8 - (21 + 4) - -7?
-10
What is the value of -400 + 406 - (-5 - ((0 - -2) + -2))?
11
What is the value of 2 - -4 - (7 - -11 - 11) - 10?
-11
What is 30 + 31 + -18 + -31?
12
What is the value of (-2 - -1) + -3 + -30 + (-2 - -54)?
18
What is 1 - (-8 + 12 + -2 + -4 + 0)?
3
What is the value of 33 + (7 - 4 - (-7 + -1 + 6))?
38
What is the value of (-42 - -20) + 18 - 15?
-19
What is the value of (0 + 6 - (58 - 55)) + -4 + -2?
-3
Evaluate 2 - 23 - (-19 + 14).
-16
What is the value of (-4 + -3 - -2 - 1 - -9) + 0?
3
Evaluate -14 + 14 + 11 - (4 - (1 - 0)).
8
What is -5 - -24 - (2 - 1 - 15)?
33
Calculate -13 - -19 - 22 - -10.
-6
What is the value of (-5 - (15 + -11)) + 5 + 6 - 5?
-3
What is the value of -7 + 9 + 2 + -5 + -3?
-4
Evaluate (158 - 173) + (-1 - 8).
-24
What is 12 - (-1 + 0 + -4 + 10) - 5?
2
(18 + -1 - (-6 + 9 + -4)) + 10
28
What is 7 - (-9 + (-1 - -4 - 6 - -32))?
-13
Calculate 1 + -10 + 4 + -3 - -17.
9
Evaluate 3 - (10 + -22 + 12 + 44) - -11.
-30
Calculate -6 + 0 + (18 - (1 + 15)).
-4
5 + (-7 - -5) - 1
2
What is the value of -31 + 12 + -1 - -24?
4
Evaluate 8 + -3 - (11 - -5) - -6.
-5
Calculate (2 - 7) + 0 + 4 + 1 + -7.
-7
42 - ((-41 - -109) + -43)
17
What is the value of 14 - ((-3 - 5) + 10)?
12
What is the value of 0 + 7 + -99 + 85?
-7
Evaluate 162 + -142 + (3 - 25).
-2
Evaluate (565 - 588) + (-1 - -9).
-15
What is -1 + (-10 + 1 - (-327 - -321))?
-4
Calculate (16 - (-19 - -32)) + -3 + 8 - -6.
14
Evaluate (-2 - -3) + 7 + (0 - 0).
8
What is the value of -20 + 41 + -13 + 0 + -2?
6
0 - -3 - (26 + -3 + -6 + -10)
-4
Evaluate 9 - (-12 + 4 - (-8 + -1 - 14)).
-6
Calculate -17 - (23 - 18 - 32).
10
What is the value of -675 - -676 - (-1 + 16)?
-14
What is the value of (12 - 0 - (98 - 90)) + 1?
5
Evaluate -14 + 15 + -6 + (-10 - -5).
-10
Calculate (12 - 8) + -9 + (0 - -12 - 0).
7
What is -6 + (-1 - (10 - 3 - 10) - -10)?
6
What is 1 + -7 + 5 - 4 - (160 + -144)?
-21
What is the value of -30 + 0 + 448 + -389?
29
-17 + 27 + (1 - 11)
0
-21 + -8 + -29 + 44
-14
Evaluate (6 + 2 - -2) + 19 + (6 - 22).
13
What is the value of 8 + -3 - (8 + -7 - 3 - 5)?
12
Evaluate (-11 - (-50 + 10)) + -9 + 5 + 4.
29
What is the value of -13 + -1 + (5 - 0) + -12 + 3?
-18
Calculate -25 - (-13 - -6) - (2 - (2 - -2)).
-16
0 - (4 + -2 + -8 - -10)
-4
What is 12 + 24 + -20 - 7?
9
What is the value of (-1 - -3) + (-1 - 4) + 4 + -4?
-3
What is the value of 12 + (-19 + -22 - -18)?
-11
9 - (-4 - (-9 + -4 + (3 - -8)))
11
What is -3 - (-1 + -16 + 3)?
11
Evaluate -2 + -6 - -18 - 5.
5
What is the value of -118 - -94 - (0 - 8) - -12?
-4
Calculate -11 - -9 - -12 - (2 - 7).
15
-2 + (-21 - ((-2 - 9) + (67 - 48)))
-31
Evaluate -56 + 11 + 42 + (5 - 0).
2
Calculate (10 - (11 + 15 + -7)) + (3 - -1).
-5
What is 2 + -10 + (162 - 147)?
7
Calculate (-12 - (-49 - -20)) + (-7 - 1).
9
(-2 - -9) + 11 + 4 + -15
7
(29 + -7 - 1) + (1 - (0 + 9))
13
What is the value of 19 + -21 + -6 - 0?
-8
What is -7 + 12 + -3 - 9 - -6?
-1
What is -4 + (-1 - (-1 - (-4 - -4 - 3)))?
-7
Calculate 21 - ((-6 - -5) + 16).
6
Evaluate -18 + (-30 - -25) + 19.
-4
Calculate (16 + -24 - (1 + -6)) + -9.
-12
What is -24 + (-36 - -60) - ((0 - 2) + 3)?
-1
Evaluate 873 + -855 + (0 - 4).
14
What is 7 - (-5 + 21 - 12)?
3
Evaluate 109 + -109 + (0 + 2 - (-1 + -6)).
9
-16 - (-5 - 24 - (20 + -7))
26
Evaluate 269 + -290 - (-3 - 4).
-14
What is the value of (18 - (42 - 11)) + (-2 - -1)?
-14
-4 - (8 + -17 + 8 + -11)
8
16 + (-14 - (1 - 16))
17
What is the value of 8 + (13 - (4 + -4 + 7))?
14
Calculate 29 - ((-7 + -1 - 2) + 22 - 0).
17
Evaluate (-6 - -20) + -8 - 5.
1
Calculate 9 - (-3 + -6 + 15) - 28 - -5.
-20
106 + -127 + 